{"id":912,"date":"2026-04-23T10:09:22","date_gmt":"2026-04-23T08:09:22","guid":{"rendered":"https:\/\/blissful-heisenberg.92-205-177-139.plesk.page\/?page_id=912"},"modified":"2026-04-23T10:46:01","modified_gmt":"2026-04-23T08:46:01","slug":"selskaber","status":"publish","type":"page","link":"https:\/\/blissful-heisenberg.92-205-177-139.plesk.page\/?page_id=912","title":{"rendered":"Menu"},"content":{"rendered":"\t\t<div data-elementor-type=\"wp-page\" data-elementor-id=\"912\" class=\"elementor elementor-912\" data-elementor-post-type=\"page\">\n\t\t\t\t<div class=\"elementor-element elementor-element-b57e7cd e-flex e-con-boxed e-con e-parent\" data-id=\"b57e7cd\" data-element_type=\"container\" data-e-type=\"container\" data-settings=\"{&quot;background_background&quot;:&quot;classic&quot;}\">\n\t\t\t\t\t<div class=\"e-con-inner\">\n\t\t\t\t<div class=\"elementor-element elementor-element-687efec elementor-widget elementor-widget-heading\" data-id=\"687efec\" data-element_type=\"widget\" data-e-type=\"widget\" data-widget_type=\"heading.default\">\n\t\t\t\t\t<h2 class=\"elementor-heading-title elementor-size-default\">MENU<\/h2>\t\t\t\t<\/div>\n\t\t\t\t<div class=\"elementor-element elementor-element-b129d72 elementor-widget__width-initial elementor-widget elementor-widget-text-editor\" data-id=\"b129d72\" data-element_type=\"widget\" data-e-type=\"widget\" data-widget_type=\"text-editor.default\">\n\t\t\t\t\t\t\t\t\t<p>Charcuteri, oste og sm\u00e5 tapasretter til god vin<\/p>\t\t\t\t\t\t\t\t<\/div>\n\t\t\t\t\t<\/div>\n\t\t\t\t<\/div>\n\t\t<div class=\"elementor-element elementor-element-aa61358 e-flex e-con-boxed e-con e-parent\" data-id=\"aa61358\" data-element_type=\"container\" data-e-type=\"container\" data-settings=\"{&quot;background_background&quot;:&quot;classic&quot;}\">\n\t\t\t\t\t<div class=\"e-con-inner\">\n\t\t<div class=\"elementor-element elementor-element-de34a42 e-con-full e-flex e-con e-child\" data-id=\"de34a42\" data-element_type=\"container\" data-e-type=\"container\">\n\t\t\t\t<div class=\"elementor-element elementor-element-0f1775c elementor-widget elementor-widget-heading\" data-id=\"0f1775c\" data-element_type=\"widget\" data-e-type=\"widget\" data-widget_type=\"heading.default\">\n\t\t\t\t\t<h2 class=\"elementor-heading-title elementor-size-default\">Vin smager bare bedre med mad<\/h2>\t\t\t\t<\/div>\n\t\t\t\t<div class=\"elementor-element elementor-element-d75ddb8 elementor-widget elementor-widget-text-editor\" data-id=\"d75ddb8\" data-element_type=\"widget\" data-e-type=\"widget\" data-widget_type=\"text-editor.default\">\n\t\t\t\t\t\t\t\t\t<p>Hos Svineriet serverer vi et udvalg af l\u00e6kker charcuteri, oste og sm\u00e5 tapasretter, der passer perfekt til et godt glas vin.<\/p><p>\u00a0<\/p>\t\t\t\t\t\t\t\t<\/div>\n\t\t\t\t<\/div>\n\t\t<div class=\"elementor-element elementor-element-9a492fc e-con-full e-flex e-con e-child\" data-id=\"9a492fc\" data-element_type=\"container\" data-e-type=\"container\">\n\t\t\t\t<div class=\"elementor-element elementor-element-144bc50 elementor-widget elementor-widget-image\" data-id=\"144bc50\" data-element_type=\"widget\" data-e-type=\"widget\" data-widget_type=\"image.default\">\n\t\t\t\t\t\t\t\t\t\t\t\t\t\t\t<img fetchpriority=\"high\" decoding=\"async\" width=\"800\" height=\"534\" src=\"https:\/\/blissful-heisenberg.92-205-177-139.plesk.page\/wp-content\/uploads\/2026\/04\/ChatGPT-Image-22.-apr.-2026-11.59.26-1024x683.png\" class=\"attachment-large size-large wp-image-846\" alt=\"\" srcset=\"https:\/\/blissful-heisenberg.92-205-177-139.plesk.page\/wp-content\/uploads\/2026\/04\/ChatGPT-Image-22.-apr.-2026-11.59.26-1024x683.png 1024w, https:\/\/blissful-heisenberg.92-205-177-139.plesk.page\/wp-content\/uploads\/2026\/04\/ChatGPT-Image-22.-apr.-2026-11.59.26-300x200.png 300w, https:\/\/blissful-heisenberg.92-205-177-139.plesk.page\/wp-content\/uploads\/2026\/04\/ChatGPT-Image-22.-apr.-2026-11.59.26-768x512.png 768w, https:\/\/blissful-heisenberg.92-205-177-139.plesk.page\/wp-content\/uploads\/2026\/04\/ChatGPT-Image-22.-apr.-2026-11.59.26.png 1536w\" sizes=\"(max-width: 800px) 100vw, 800px\" \/>\t\t\t\t\t\t\t\t\t\t\t\t\t\t\t<\/div>\n\t\t\t\t<\/div>\n\t\t\t\t\t<\/div>\n\t\t\t\t<\/div>\n\t\t<div class=\"elementor-element elementor-element-2e4a847 e-flex e-con-boxed e-con e-parent\" data-id=\"2e4a847\" data-element_type=\"container\" data-e-type=\"container\" data-settings=\"{&quot;background_background&quot;:&quot;classic&quot;}\">\n\t\t\t\t\t<div class=\"e-con-inner\">\n\t\t\t\t<div class=\"elementor-element elementor-element-e8eb977 elementor-widget elementor-widget-heading\" data-id=\"e8eb977\" data-element_type=\"widget\" data-e-type=\"widget\" data-widget_type=\"heading.default\">\n\t\t\t\t\t<h2 class=\"elementor-heading-title elementor-size-default\">ET EKSEMPEL P\u00c5 HVAD DER KAN V\u00c6RE P\u00c5 BR\u00c6TTET<\/h2>\t\t\t\t<\/div>\n\t\t\t\t\t<\/div>\n\t\t\t\t<\/div>\n\t\t<div class=\"elementor-element elementor-element-4f67e06 e-flex e-con-boxed e-con e-parent\" data-id=\"4f67e06\" data-element_type=\"container\" data-e-type=\"container\" data-settings=\"{&quot;background_background&quot;:&quot;classic&quot;}\">\n\t\t\t\t\t<div class=\"e-con-inner\">\n\t\t<div class=\"elementor-element elementor-element-7f49f4c e-con-full e-flex e-con e-child\" data-id=\"7f49f4c\" data-element_type=\"container\" data-e-type=\"container\" data-settings=\"{&quot;background_background&quot;:&quot;classic&quot;}\">\n\t\t\t\t<div class=\"elementor-element elementor-element-e449df3 elementor-widget elementor-widget-heading\" data-id=\"e449df3\" data-element_type=\"widget\" data-e-type=\"widget\" data-widget_type=\"heading.default\">\n\t\t\t\t\t<h2 class=\"elementor-heading-title elementor-size-default\">CHARCUTERI<\/h2>\t\t\t\t<\/div>\n\t\t\t\t<div class=\"elementor-element elementor-element-9260cbf elementor-widget elementor-widget-text-editor\" data-id=\"9260cbf\" data-element_type=\"widget\" data-e-type=\"widget\" data-widget_type=\"text-editor.default\">\n\t\t\t\t\t\t\t\t\t<p>R\u00f8get andebryst, tr\u00f8ffelsalami,<br \/>chorizo, fennikelp\u00f8lse,<br \/>cecina de Le\u00f3n og luftt\u00f8rret skinke.<\/p>\t\t\t\t\t\t\t\t<\/div>\n\t\t\t\t<div class=\"elementor-element elementor-element-05a1d3d elementor-widget__width-inherit elementor-widget elementor-widget-image\" data-id=\"05a1d3d\" data-element_type=\"widget\" data-e-type=\"widget\" data-widget_type=\"image.default\">\n\t\t\t\t\t\t\t\t\t\t\t\t\t\t\t<img decoding=\"async\" width=\"768\" height=\"549\" src=\"https:\/\/blissful-heisenberg.92-205-177-139.plesk.page\/wp-content\/uploads\/2026\/04\/ChatGPT-Image-22.-apr.-2026-12.28.40-768x549.png\" class=\"attachment-medium_large size-medium_large wp-image-856\" alt=\"\" srcset=\"https:\/\/blissful-heisenberg.92-205-177-139.plesk.page\/wp-content\/uploads\/2026\/04\/ChatGPT-Image-22.-apr.-2026-12.28.40-768x549.png 768w, https:\/\/blissful-heisenberg.92-205-177-139.plesk.page\/wp-content\/uploads\/2026\/04\/ChatGPT-Image-22.-apr.-2026-12.28.40-300x214.png 300w, https:\/\/blissful-heisenberg.92-205-177-139.plesk.page\/wp-content\/uploads\/2026\/04\/ChatGPT-Image-22.-apr.-2026-12.28.40-1024x731.png 1024w, https:\/\/blissful-heisenberg.92-205-177-139.plesk.page\/wp-content\/uploads\/2026\/04\/ChatGPT-Image-22.-apr.-2026-12.28.40.png 1484w\" sizes=\"(max-width: 768px) 100vw, 768px\" \/>\t\t\t\t\t\t\t\t\t\t\t\t\t\t\t<\/div>\n\t\t\t\t<\/div>\n\t\t<div class=\"elementor-element elementor-element-a8d3f4b e-con-full e-flex e-con e-child\" data-id=\"a8d3f4b\" data-element_type=\"container\" data-e-type=\"container\" data-settings=\"{&quot;background_background&quot;:&quot;classic&quot;}\">\n\t\t\t\t<div class=\"elementor-element elementor-element-e6ea01c elementor-widget elementor-widget-heading\" data-id=\"e6ea01c\" data-element_type=\"widget\" data-e-type=\"widget\" data-widget_type=\"heading.default\">\n\t\t\t\t\t<h2 class=\"elementor-heading-title elementor-size-default\">SPECIALITETER<\/h2>\t\t\t\t<\/div>\n\t\t\t\t<div class=\"elementor-element elementor-element-b68e5ce elementor-widget elementor-widget-text-editor\" data-id=\"b68e5ce\" data-element_type=\"widget\" data-e-type=\"widget\" data-widget_type=\"text-editor.default\">\n\t\t\t\t\t\t\t\t\t<p>Vildsvinerillette, fransk landpat\u00e9,<br \/>andelevermousse og tomatsalat.<br \/><br \/><\/p>\t\t\t\t\t\t\t\t<\/div>\n\t\t\t\t<div class=\"elementor-element elementor-element-80510fa elementor-widget__width-inherit elementor-widget elementor-widget-image\" data-id=\"80510fa\" data-element_type=\"widget\" data-e-type=\"widget\" data-widget_type=\"image.default\">\n\t\t\t\t\t\t\t\t\t\t\t\t\t\t\t<img decoding=\"async\" width=\"768\" height=\"529\" src=\"https:\/\/blissful-heisenberg.92-205-177-139.plesk.page\/wp-content\/uploads\/2026\/04\/ChatGPT-Image-22.-apr.-2026-12.27.53-768x529.png\" class=\"attachment-medium_large size-medium_large wp-image-855\" alt=\"\" srcset=\"https:\/\/blissful-heisenberg.92-205-177-139.plesk.page\/wp-content\/uploads\/2026\/04\/ChatGPT-Image-22.-apr.-2026-12.27.53-768x529.png 768w, https:\/\/blissful-heisenberg.92-205-177-139.plesk.page\/wp-content\/uploads\/2026\/04\/ChatGPT-Image-22.-apr.-2026-12.27.53-300x207.png 300w, https:\/\/blissful-heisenberg.92-205-177-139.plesk.page\/wp-content\/uploads\/2026\/04\/ChatGPT-Image-22.-apr.-2026-12.27.53-1024x705.png 1024w, https:\/\/blissful-heisenberg.92-205-177-139.plesk.page\/wp-content\/uploads\/2026\/04\/ChatGPT-Image-22.-apr.-2026-12.27.53.png 1511w\" sizes=\"(max-width: 768px) 100vw, 768px\" \/>\t\t\t\t\t\t\t\t\t\t\t\t\t\t\t<\/div>\n\t\t\t\t<\/div>\n\t\t<div class=\"elementor-element elementor-element-ef53225 e-con-full e-flex e-con e-child\" data-id=\"ef53225\" data-element_type=\"container\" data-e-type=\"container\" data-settings=\"{&quot;background_background&quot;:&quot;classic&quot;}\">\n\t\t\t\t<div class=\"elementor-element elementor-element-8e714de elementor-widget elementor-widget-heading\" data-id=\"8e714de\" data-element_type=\"widget\" data-e-type=\"widget\" data-widget_type=\"heading.default\">\n\t\t\t\t\t<h2 class=\"elementor-heading-title elementor-size-default\">OSTE<\/h2>\t\t\t\t<\/div>\n\t\t\t\t<div class=\"elementor-element elementor-element-29cbcfe elementor-widget elementor-widget-text-editor\" data-id=\"29cbcfe\" data-element_type=\"widget\" data-e-type=\"widget\" data-widget_type=\"text-editor.default\">\n\t\t\t\t\t\t\t\t\t<p>Manchego, comt\u00e9, vesterhavsost,<br \/>pecorino, brillant savarin<br \/>og penacorada.<\/p>\t\t\t\t\t\t\t\t<\/div>\n\t\t\t\t<div class=\"elementor-element elementor-element-2769056 elementor-widget__width-inherit elementor-widget elementor-widget-image\" data-id=\"2769056\" data-element_type=\"widget\" data-e-type=\"widget\" data-widget_type=\"image.default\">\n\t\t\t\t\t\t\t\t\t\t\t\t\t\t\t<img loading=\"lazy\" decoding=\"async\" width=\"768\" height=\"512\" src=\"https:\/\/blissful-heisenberg.92-205-177-139.plesk.page\/wp-content\/uploads\/2026\/04\/ChatGPT-Image-22.-apr.-2026-12.24.05-768x512.png\" class=\"attachment-medium_large size-medium_large wp-image-854\" alt=\"\" srcset=\"https:\/\/blissful-heisenberg.92-205-177-139.plesk.page\/wp-content\/uploads\/2026\/04\/ChatGPT-Image-22.-apr.-2026-12.24.05-768x512.png 768w, https:\/\/blissful-heisenberg.92-205-177-139.plesk.page\/wp-content\/uploads\/2026\/04\/ChatGPT-Image-22.-apr.-2026-12.24.05-300x200.png 300w, https:\/\/blissful-heisenberg.92-205-177-139.plesk.page\/wp-content\/uploads\/2026\/04\/ChatGPT-Image-22.-apr.-2026-12.24.05-1024x683.png 1024w, https:\/\/blissful-heisenberg.92-205-177-139.plesk.page\/wp-content\/uploads\/2026\/04\/ChatGPT-Image-22.-apr.-2026-12.24.05.png 1536w\" sizes=\"(max-width: 768px) 100vw, 768px\" \/>\t\t\t\t\t\t\t\t\t\t\t\t\t\t\t<\/div>\n\t\t\t\t<\/div>\n\t\t\t\t\t<\/div>\n\t\t\t\t<\/div>\n\t\t<div class=\"elementor-element elementor-element-d536401 e-flex e-con-boxed e-con e-parent\" data-id=\"d536401\" data-element_type=\"container\" data-e-type=\"container\" data-settings=\"{&quot;background_background&quot;:&quot;classic&quot;}\">\n\t\t\t\t\t<div class=\"e-con-inner\">\n\t\t\t\t\t<\/div>\n\t\t\t\t<\/div>\n\t\t<div class=\"elementor-element elementor-element-a926112 e-flex e-con-boxed e-con e-parent\" data-id=\"a926112\" data-element_type=\"container\" data-e-type=\"container\" data-settings=\"{&quot;background_background&quot;:&quot;classic&quot;}\">\n\t\t\t\t\t<div class=\"e-con-inner\">\n\t\t<div class=\"elementor-element elementor-element-97aafe4 e-con-full e-flex e-con e-child\" data-id=\"97aafe4\" data-element_type=\"container\" data-e-type=\"container\" data-settings=\"{&quot;background_background&quot;:&quot;classic&quot;}\">\n\t\t\t\t<div class=\"elementor-element elementor-element-944050f elementor-widget elementor-widget-heading\" data-id=\"944050f\" data-element_type=\"widget\" data-e-type=\"widget\" data-widget_type=\"heading.default\">\n\t\t\t\t\t<h2 class=\"elementor-heading-title elementor-size-default\">MENU &amp;<\/h2>\t\t\t\t<\/div>\n\t\t\t\t<div class=\"elementor-element elementor-element-f7d780c elementor-widget elementor-widget-heading\" data-id=\"f7d780c\" data-element_type=\"widget\" data-e-type=\"widget\" data-widget_type=\"heading.default\">\n\t\t\t\t\t<h2 class=\"elementor-heading-title elementor-size-default\">Snacks<\/h2>\t\t\t\t<\/div>\n\t\t\t\t<div class=\"elementor-element elementor-element-eac6b96 elementor-widget elementor-widget-text-editor\" data-id=\"eac6b96\" data-element_type=\"widget\" data-e-type=\"widget\" data-widget_type=\"text-editor.default\">\n\t\t\t\t\t\t\t\t\t<p>Oliven &#8230;&#8230;&#8230;&#8230;&#8230;&#8230;&#8230;&#8230;&#8230;&#8230;&#8230;&#8230;&#8230;&#8230;&#8230;&#8230; 25,-<\/p><p>Br\u00f8d, olie og salt &#8230;&#8230;&#8230;&#8230;&#8230;&#8230;&#8230;&#8230;&#8230;. 35,-<\/p>\t\t\t\t\t\t\t\t<\/div>\n\t\t\t\t<\/div>\n\t\t<div class=\"elementor-element elementor-element-20617c2 e-con-full e-flex e-con e-child\" data-id=\"20617c2\" data-element_type=\"container\" data-e-type=\"container\" data-settings=\"{&quot;background_background&quot;:&quot;classic&quot;}\">\n\t\t\t\t<div class=\"elementor-element elementor-element-f9e2c9f elementor-widget elementor-widget-heading\" data-id=\"f9e2c9f\" data-element_type=\"widget\" data-e-type=\"widget\" data-widget_type=\"heading.default\">\n\t\t\t\t\t<h2 class=\"elementor-heading-title elementor-size-default\">PRISER<\/h2>\t\t\t\t<\/div>\n\t\t\t\t<div class=\"elementor-element elementor-element-4ac8dd2 elementor-widget elementor-widget-heading\" data-id=\"4ac8dd2\" data-element_type=\"widget\" data-e-type=\"widget\" data-widget_type=\"heading.default\">\n\t\t\t\t\t<h2 class=\"elementor-heading-title elementor-size-default\">Br\u00e6tter<\/h2>\t\t\t\t<\/div>\n\t\t\t\t<div class=\"elementor-element elementor-element-d8b126e elementor-widget elementor-widget-text-editor\" data-id=\"d8b126e\" data-element_type=\"widget\" data-e-type=\"widget\" data-widget_type=\"text-editor.default\">\n\t\t\t\t\t\t\t\t\t<p>Snackbr\u00e6t &#8230;&#8230;&#8230;&#8230;&#8230;&#8230;&#8230;&#8230;&#8230; 100,- pr. person<\/p><p>Den lille sult &#8230;&#8230;&#8230;&#8230;&#8230;&#8230;&#8230;&#8230; 149,- pr. person<\/p><p>Den store sult &#8230;&#8230;&#8230;&#8230;&#8230;&#8230;&#8230; 199,- pr. person<\/p>\t\t\t\t\t\t\t\t<\/div>\n\t\t\t\t<\/div>\n\t\t<div class=\"elementor-element elementor-element-22ea211 e-con-full e-flex e-con e-child\" data-id=\"22ea211\" data-element_type=\"container\" data-e-type=\"container\" data-settings=\"{&quot;background_background&quot;:&quot;classic&quot;}\">\n\t\t\t\t<div class=\"elementor-element elementor-element-7c82413 elementor-widget elementor-widget-image\" data-id=\"7c82413\" data-element_type=\"widget\" data-e-type=\"widget\" data-widget_type=\"image.default\">\n\t\t\t\t\t\t\t\t\t\t\t\t\t\t\t<img loading=\"lazy\" decoding=\"async\" width=\"200\" height=\"300\" src=\"https:\/\/blissful-heisenberg.92-205-177-139.plesk.page\/wp-content\/uploads\/2026\/04\/ChatGPT-Image-22.-apr.-2026-13.24.09-200x300.png\" class=\"attachment-medium size-medium wp-image-869\" alt=\"\" srcset=\"https:\/\/blissful-heisenberg.92-205-177-139.plesk.page\/wp-content\/uploads\/2026\/04\/ChatGPT-Image-22.-apr.-2026-13.24.09-200x300.png 200w, https:\/\/blissful-heisenberg.92-205-177-139.plesk.page\/wp-content\/uploads\/2026\/04\/ChatGPT-Image-22.-apr.-2026-13.24.09-683x1024.png 683w, https:\/\/blissful-heisenberg.92-205-177-139.plesk.page\/wp-content\/uploads\/2026\/04\/ChatGPT-Image-22.-apr.-2026-13.24.09-768x1152.png 768w, https:\/\/blissful-heisenberg.92-205-177-139.plesk.page\/wp-content\/uploads\/2026\/04\/ChatGPT-Image-22.-apr.-2026-13.24.09.png 1024w\" sizes=\"(max-width: 200px) 100vw, 200px\" \/>\t\t\t\t\t\t\t\t\t\t\t\t\t\t\t<\/div>\n\t\t\t\t<\/div>\n\t\t\t\t\t<\/div>\n\t\t\t\t<\/div>\n\t\t<div class=\"elementor-element elementor-element-75e9e47 e-flex e-con-boxed e-con e-parent\" data-id=\"75e9e47\" data-element_type=\"container\" data-e-type=\"container\" data-settings=\"{&quot;background_background&quot;:&quot;classic&quot;}\">\n\t\t\t\t\t<div class=\"e-con-inner\">\n\t\t\t\t\t<\/div>\n\t\t\t\t<\/div>\n\t\t<div class=\"elementor-element elementor-element-b40d8d2 e-flex e-con-boxed e-con e-parent\" data-id=\"b40d8d2\" data-element_type=\"container\" data-e-type=\"container\" data-settings=\"{&quot;background_background&quot;:&quot;classic&quot;}\">\n\t\t\t\t\t<div class=\"e-con-inner\">\n\t\t<div class=\"elementor-element elementor-element-30fc359 e-con-full e-flex e-con e-child\" data-id=\"30fc359\" data-element_type=\"container\" data-e-type=\"container\">\n\t\t\t\t<div class=\"elementor-element elementor-element-3b4271c elementor-widget elementor-widget-image\" data-id=\"3b4271c\" data-element_type=\"widget\" data-e-type=\"widget\" data-widget_type=\"image.default\">\n\t\t\t\t\t\t\t\t\t\t\t\t\t\t\t<img loading=\"lazy\" decoding=\"async\" width=\"800\" height=\"534\" src=\"https:\/\/blissful-heisenberg.92-205-177-139.plesk.page\/wp-content\/uploads\/2026\/04\/ChatGPT-Image-23.-apr.-2026-10.44.45-1024x683.png\" class=\"attachment-large size-large wp-image-948\" alt=\"\" srcset=\"https:\/\/blissful-heisenberg.92-205-177-139.plesk.page\/wp-content\/uploads\/2026\/04\/ChatGPT-Image-23.-apr.-2026-10.44.45-1024x683.png 1024w, https:\/\/blissful-heisenberg.92-205-177-139.plesk.page\/wp-content\/uploads\/2026\/04\/ChatGPT-Image-23.-apr.-2026-10.44.45-300x200.png 300w, https:\/\/blissful-heisenberg.92-205-177-139.plesk.page\/wp-content\/uploads\/2026\/04\/ChatGPT-Image-23.-apr.-2026-10.44.45-768x512.png 768w, https:\/\/blissful-heisenberg.92-205-177-139.plesk.page\/wp-content\/uploads\/2026\/04\/ChatGPT-Image-23.-apr.-2026-10.44.45.png 1536w\" sizes=\"(max-width: 800px) 100vw, 800px\" \/>\t\t\t\t\t\t\t\t\t\t\t\t\t\t\t<\/div>\n\t\t\t\t<\/div>\n\t\t<div class=\"elementor-element elementor-element-a50a686 e-con-full e-flex e-con e-child\" data-id=\"a50a686\" data-element_type=\"container\" data-e-type=\"container\">\n\t\t<div class=\"elementor-element elementor-element-d179413 e-con-full e-flex e-con e-child\" data-id=\"d179413\" data-element_type=\"container\" data-e-type=\"container\">\n\t\t\t\t<div class=\"elementor-element elementor-element-c1c9395 elementor-widget elementor-widget-heading\" data-id=\"c1c9395\" data-element_type=\"widget\" data-e-type=\"widget\" data-widget_type=\"heading.default\">\n\t\t\t\t\t<h2 class=\"elementor-heading-title elementor-size-default\">Klar til en aften\ni godt selskab?<\/h2>\t\t\t\t<\/div>\n\t\t\t\t<div class=\"elementor-element elementor-element-60564bd elementor-widget elementor-widget-text-editor\" data-id=\"60564bd\" data-element_type=\"widget\" data-e-type=\"widget\" data-widget_type=\"text-editor.default\">\n\t\t\t\t\t\t\t\t\t<p>Har du sp\u00f8rgsm\u00e5l\u00a0<br \/>eller vil du booke bord?<\/p><p>Vi st\u00e5r klar til at byde dig velkommen.<\/p>\t\t\t\t\t\t\t\t<\/div>\n\t\t\t\t<\/div>\n\t\t<div class=\"elementor-element elementor-element-50ffeb7 e-con-full e-flex e-con e-child\" data-id=\"50ffeb7\" data-element_type=\"container\" data-e-type=\"container\">\n\t\t\t\t<div class=\"elementor-element elementor-element-d26024a elementor-widget__width-initial elementor-widget elementor-widget-button\" data-id=\"d26024a\" data-element_type=\"widget\" data-e-type=\"widget\" data-widget_type=\"button.default\">\n\t\t\t\t\t\t\t\t\t\t<a class=\"elementor-button elementor-button-link elementor-size-sm\" href=\"#\">\n\t\t\t\t\t\t<span class=\"elementor-button-content-wrapper\">\n\t\t\t\t\t\t\t\t\t<span class=\"elementor-button-text\">BOOK BORD<\/span>\n\t\t\t\t\t<\/span>\n\t\t\t\t\t<\/a>\n\t\t\t\t\t\t\t\t<\/div>\n\t\t\t\t<div class=\"elementor-element elementor-element-6200c8c elementor-widget__width-initial elementor-widget elementor-widget-button\" data-id=\"6200c8c\" data-element_type=\"widget\" data-e-type=\"widget\" data-widget_type=\"button.default\">\n\t\t\t\t\t\t\t\t\t\t<a class=\"elementor-button elementor-button-link elementor-size-sm\" href=\"#\">\n\t\t\t\t\t\t<span class=\"elementor-button-content-wrapper\">\n\t\t\t\t\t\t\t\t\t<span class=\"elementor-button-text\">KONTAKT OS<\/span>\n\t\t\t\t\t<\/span>\n\t\t\t\t\t<\/a>\n\t\t\t\t\t\t\t\t<\/div>\n\t\t\t\t<\/div>\n\t\t\t\t<\/div>\n\t\t\t\t\t<\/div>\n\t\t\t\t<\/div>\n\t\t\t\t<\/div>\n\t\t","protected":false},"excerpt":{"rendered":"<p>MENU Charcuteri, oste og sm\u00e5 tapasretter til god vin Vin smager bare bedre med mad Hos Svineriet serverer vi et udvalg af l\u00e6kker charcuteri, oste og sm\u00e5 tapasretter, der passer perfekt til et godt glas vin. \u00a0 ET EKSEMPEL P\u00c5 HVAD DER KAN V\u00c6RE P\u00c5 BR\u00c6TTET CHARCUTERI R\u00f8get andebryst, tr\u00f8ffelsalami,chorizo, fennikelp\u00f8lse,cecina de Le\u00f3n og luftt\u00f8rret [&hellip;]<\/p>\n","protected":false},"author":3,"featured_media":0,"parent":0,"menu_order":0,"comment_status":"closed","ping_status":"closed","template":"","meta":{"footnotes":""},"class_list":["post-912","page","type-page","status-publish","hentry"],"_links":{"self":[{"href":"https:\/\/blissful-heisenberg.92-205-177-139.plesk.page\/index.php?rest_route=\/wp\/v2\/pages\/912","targetHints":{"allow":["GET"]}}],"collection":[{"href":"https:\/\/blissful-heisenberg.92-205-177-139.plesk.page\/index.php?rest_route=\/wp\/v2\/pages"}],"about":[{"href":"https:\/\/blissful-heisenberg.92-205-177-139.plesk.page\/index.php?rest_route=\/wp\/v2\/types\/page"}],"author":[{"embeddable":true,"href":"https:\/\/blissful-heisenberg.92-205-177-139.plesk.page\/index.php?rest_route=\/wp\/v2\/users\/3"}],"replies":[{"embeddable":true,"href":"https:\/\/blissful-heisenberg.92-205-177-139.plesk.page\/index.php?rest_route=%2Fwp%2Fv2%2Fcomments&post=912"}],"version-history":[{"count":17,"href":"https:\/\/blissful-heisenberg.92-205-177-139.plesk.page\/index.php?rest_route=\/wp\/v2\/pages\/912\/revisions"}],"predecessor-version":[{"id":951,"href":"https:\/\/blissful-heisenberg.92-205-177-139.plesk.page\/index.php?rest_route=\/wp\/v2\/pages\/912\/revisions\/951"}],"wp:attachment":[{"href":"https:\/\/blissful-heisenberg.92-205-177-139.plesk.page\/index.php?rest_route=%2Fwp%2Fv2%2Fmedia&parent=912"}],"curies":[{"name":"wp","href":"https:\/\/api.w.org\/{rel}","templated":true}]}}